{"id":32,"date":"2026-01-21T14:54:58","date_gmt":"2026-01-21T14:54:58","guid":{"rendered":"https:\/\/relaunch.gaertnerei-pfisterer.de\/?page_id=32"},"modified":"2026-03-23T19:42:33","modified_gmt":"2026-03-23T19:42:33","slug":"geschichte","status":"publish","type":"page","link":"https:\/\/gaertnerei-pfisterer.de\/index.php\/geschichte\/","title":{"rendered":"Geschichte"},"content":{"rendered":"\n<h1 class=\"wp-block-heading\">Geschichte<\/h1>\n\n\n\n<hr class=\"wp-block-separator has-text-color has-ast-global-color-3-color has-alpha-channel-opacity has-ast-global-color-3-background-color has-background is-style-wide\"\/>\n\n\n\n<p class=\"has-medium-font-size\" style=\"border-style:none;border-width:0px\">Um 1900 von Georg Treiber als Baumschule gegr\u00fcndet. Im Zuge des 1. Weltkrieges wurde auf Gem\u00fcsebau umgestellt. Seit den 1990er Jahren hat sich das Angebot um Zierpflanzen und Gem\u00fcsejungpflanzen erweitert.<\/p>\n\n\n\n<p class=\"has-medium-font-size\">Heute betreiben wir, Annette und Hans-Peter Pfisterer, die G\u00e4rtnerei in der vierten Generation weiter. Auf einer Fl\u00e4che von 4 Hektar kultivieren wir eine gro\u00dfe Vielzahl an Gem\u00fcse und Pflanzen.<\/p>\n\n\n\n<p class=\"has-medium-font-size\">Im Jahr 2000 wurde die G\u00e4rtnerei durch ein neues Verkaufsgew\u00e4chshaus mit Hofladen erg\u00e4nzt. 2013 kam ein weiteres Verkaufsgew\u00e4chshaus hinzu. So ist es nun m\u00f6glich, ein breiteres g\u00e4rtnerisches Sortiment anzubieten und den vielen verschiedenen Pflanzen und ihren Bed\u00fcrfnissen gerecht zu werden.<\/p>\n\n\n\n<div style=\"height:50px\" aria-hidden=\"true\" class=\"wp-block-spacer\"><\/div>\n\n\n\n<div class=\"wp-block-columns is-layout-flex wp-container-core-columns-is-layout-32de2426 wp-block-columns-is-layout-flex\" style=\"margin-top:var(--wp--preset--spacing--30);margin-bottom:var(--wp--preset--spacing--30);padding-top:0;padding-right:var(--wp--preset--spacing--30);padding-bottom:0;padding-left:var(--wp--preset--spacing--30)\">\n<div class=\"wp-block-column is-layout-flow wp-block-column-is-layout-flow\">\n<figure class=\"wp-block-image size-large is-resized\"><img loading=\"lazy\" decoding=\"async\" width=\"1024\" height=\"750\" src=\"https:\/\/gaertnerei-pfisterer.de\/wp-content\/uploads\/2026\/02\/Gaertnerei-altes-Bild-gezeichnet-1024x750.jpg\" alt=\"\" class=\"wp-image-657\" style=\"aspect-ratio:1.365346315556539;width:737px;height:auto\" srcset=\"https:\/\/gaertnerei-pfisterer.de\/wp-content\/uploads\/2026\/02\/Gaertnerei-altes-Bild-gezeichnet-1024x750.jpg 1024w, https:\/\/gaertnerei-pfisterer.de\/wp-content\/uploads\/2026\/02\/Gaertnerei-altes-Bild-gezeichnet-300x220.jpg 300w, https:\/\/gaertnerei-pfisterer.de\/wp-content\/uploads\/2026\/02\/Gaertnerei-altes-Bild-gezeichnet-768x562.jpg 768w, https:\/\/gaertnerei-pfisterer.de\/wp-content\/uploads\/2026\/02\/Gaertnerei-altes-Bild-gezeichnet.jpg 1026w\" sizes=\"auto, (max-width: 1024px) 100vw, 1024px\" \/><\/figure>\n<\/div>\n\n\n\n<div class=\"wp-block-column is-layout-flow wp-block-column-is-layout-flow\">\n<figure class=\"wp-block-image size-large\"><img loading=\"lazy\" decoding=\"async\" width=\"1024\" height=\"725\" src=\"https:\/\/gaertnerei-pfisterer.de\/wp-content\/uploads\/2026\/02\/Scheune-altes-Bild-2026-1024x725.jpg\" alt=\"\" class=\"wp-image-654\" style=\"aspect-ratio:1.4124245285718373\" srcset=\"https:\/\/gaertnerei-pfisterer.de\/wp-content\/uploads\/2026\/02\/Scheune-altes-Bild-2026-1024x725.jpg 1024w, https:\/\/gaertnerei-pfisterer.de\/wp-content\/uploads\/2026\/02\/Scheune-altes-Bild-2026-300x212.jpg 300w, https:\/\/gaertnerei-pfisterer.de\/wp-content\/uploads\/2026\/02\/Scheune-altes-Bild-2026-768x544.jpg 768w, https:\/\/gaertnerei-pfisterer.de\/wp-content\/uploads\/2026\/02\/Scheune-altes-Bild-2026-1536x1087.jpg 1536w, https:\/\/gaertnerei-pfisterer.de\/wp-content\/uploads\/2026\/02\/Scheune-altes-Bild-2026-2048x1449.jpg 2048w\" sizes=\"auto, (max-width: 1024px) 100vw, 1024px\" \/><\/figure>\n<\/div>\n<\/div>\n\n\n\n<div style=\"height:50px\" aria-hidden=\"true\" class=\"wp-block-spacer\"><\/div>\n\n\n\n<p><\/p>\n","protected":false},"excerpt":{"rendered":"<p>Geschichte Um 1900 von Georg Treiber als Baumschule gegr\u00fcndet. Im Zuge des 1. Weltkrieges wurde auf Gem\u00fcsebau umgestellt. Seit den 1990er Jahren hat sich das Angebot um Zierpflanzen und Gem\u00fcsejungpflanzen erweitert. Heute betreiben wir, Annette und Hans-Peter Pfisterer, die G\u00e4rtnerei in der vierten Generation weiter. Auf einer Fl\u00e4che von 4 Hektar kultivieren wir eine gro\u00dfe [&hellip;]<\/p>\n","protected":false},"author":2,"featured_media":0,"parent":0,"menu_order":0,"comment_status":"closed","ping_status":"closed","template":"","meta":{"site-sidebar-layout":"default","site-content-layout":"","ast-site-content-layout":"default","site-content-style":"default","site-sidebar-style":"default","ast-global-header-display":"","ast-banner-title-visibility":"","ast-main-header-display":"","ast-hfb-above-header-display":"","ast-hfb-below-header-display":"","ast-hfb-mobile-header-display":"","site-post-title":"disabled","ast-breadcrumbs-content":"","ast-featured-img":"","footer-sml-layout":"","ast-disable-related-posts":"","theme-transparent-header-meta":"","adv-header-id-meta":"","stick-header-meta":"","header-above-stick-meta":"","header-main-stick-meta":"","header-below-stick-meta":"","astra-migrate-meta-layouts":"default","ast-page-background-enabled":"default","ast-page-background-meta":{"desktop":{"background-color":"var(--ast-global-color-5)","background-image":"","background-repeat":"repeat","background-position":"center center","background-size":"auto","background-attachment":"scroll","background-type":"","background-media":"","overlay-type":"","overlay-color":"","overlay-opacity":"","overlay-gradient":""},"tablet":{"background-color":"","background-image":"","background-repeat":"repeat","background-position":"center center","background-size":"auto","background-attachment":"scroll","background-type":"","background-media":"","overlay-type":"","overlay-color":"","overlay-opacity":"","overlay-gradient":""},"mobile":{"background-color":"","background-image":"","background-repeat":"repeat","background-position":"center center","background-size":"auto","background-attachment":"scroll","background-type":"","background-media":"","overlay-type":"","overlay-color":"","overlay-opacity":"","overlay-gradient":""}},"ast-content-background-meta":{"desktop":{"background-color":"var(--ast-global-color-4)","background-image":"","background-repeat":"repeat","background-position":"center center","background-size":"auto","background-attachment":"scroll","background-type":"","background-media":"","overlay-type":"","overlay-color":"","overlay-opacity":"","overlay-gradient":""},"tablet":{"background-color":"var(--ast-global-color-4)","background-image":"","background-repeat":"repeat","background-position":"center center","background-size":"auto","background-attachment":"scroll","background-type":"","background-media":"","overlay-type":"","overlay-color":"","overlay-opacity":"","overlay-gradient":""},"mobile":{"background-color":"var(--ast-global-color-4)","background-image":"","background-repeat":"repeat","background-position":"center center","background-size":"auto","background-attachment":"scroll","background-type":"","background-media":"","overlay-type":"","overlay-color":"","overlay-opacity":"","overlay-gradient":""}},"footnotes":""},"class_list":["post-32","page","type-page","status-publish","hentry"],"_links":{"self":[{"href":"https:\/\/gaertnerei-pfisterer.de\/index.php\/wp-json\/wp\/v2\/pages\/32","targetHints":{"allow":["GET"]}}],"collection":[{"href":"https:\/\/gaertnerei-pfisterer.de\/index.php\/wp-json\/wp\/v2\/pages"}],"about":[{"href":"https:\/\/gaertnerei-pfisterer.de\/index.php\/wp-json\/wp\/v2\/types\/page"}],"author":[{"embeddable":true,"href":"https:\/\/gaertnerei-pfisterer.de\/index.php\/wp-json\/wp\/v2\/users\/2"}],"replies":[{"embeddable":true,"href":"https:\/\/gaertnerei-pfisterer.de\/index.php\/wp-json\/wp\/v2\/comments?post=32"}],"version-history":[{"count":19,"href":"https:\/\/gaertnerei-pfisterer.de\/index.php\/wp-json\/wp\/v2\/pages\/32\/revisions"}],"predecessor-version":[{"id":962,"href":"https:\/\/gaertnerei-pfisterer.de\/index.php\/wp-json\/wp\/v2\/pages\/32\/revisions\/962"}],"wp:attachment":[{"href":"https:\/\/gaertnerei-pfisterer.de\/index.php\/wp-json\/wp\/v2\/media?parent=32"}],"curies":[{"name":"wp","href":"https:\/\/api.w.org\/{rel}","templated":true}]}}