{"id":41,"date":"2026-01-21T14:57:03","date_gmt":"2026-01-21T14:57:03","guid":{"rendered":"https:\/\/relaunch.gaertnerei-pfisterer.de\/?page_id=41"},"modified":"2026-03-25T08:06:35","modified_gmt":"2026-03-25T08:06:35","slug":"rezepte","status":"publish","type":"page","link":"https:\/\/gaertnerei-pfisterer.de\/index.php\/rezepte\/","title":{"rendered":"Rezepte"},"content":{"rendered":"\n<h1 class=\"wp-block-heading\">Rezepte<\/h1>\n\n\n\n<div style=\"height:39px\" aria-hidden=\"true\" class=\"wp-block-spacer\"><\/div>\n\n\n\n<div class=\"wp-block-columns is-layout-flex wp-container-core-columns-is-layout-07b7b7eb wp-block-columns-is-layout-flex\" style=\"padding-top:0;padding-right:0;padding-bottom:0;padding-left:0\">\n<div class=\"wp-block-column has-ast-global-color-1-background-color has-background is-layout-flow wp-block-column-is-layout-flow\" style=\"border-top-left-radius:18px;border-top-right-radius:18px;border-bottom-left-radius:18px;border-bottom-right-radius:18px;padding-top:var(--wp--preset--spacing--20);padding-right:var(--wp--preset--spacing--20);padding-bottom:var(--wp--preset--spacing--20);padding-left:var(--wp--preset--spacing--20)\">\n<h3 class=\"wp-block-heading\"><a href=\"https:\/\/gaertnerei-pfisterer.de\/wp-content\/uploads\/2026\/03\/Basilikumpesto-mit-Pinienkernen.pdf\" target=\"_blank\" rel=\"noreferrer noopener\">Basilikum-Pesto mit Pinienkernen<\/a><\/h3>\n\n\n\n<figure class=\"wp-block-image size-large\" style=\"margin-bottom:0\"><a href=\"https:\/\/gaertnerei-pfisterer.de\/wp-content\/uploads\/2026\/03\/Basilikumpesto-mit-Pinienkernen.pdf\" target=\"_blank\" rel=\" noreferrer noopener\"><img loading=\"lazy\" decoding=\"async\" width=\"1024\" height=\"683\" src=\"https:\/\/gaertnerei-pfisterer.de\/wp-content\/uploads\/2026\/03\/Basilikum-Pesto-mit-Pinienkernen-1024x683.jpg\" alt=\"\" class=\"wp-image-929\" srcset=\"https:\/\/gaertnerei-pfisterer.de\/wp-content\/uploads\/2026\/03\/Basilikum-Pesto-mit-Pinienkernen-1024x683.jpg 1024w, https:\/\/gaertnerei-pfisterer.de\/wp-content\/uploads\/2026\/03\/Basilikum-Pesto-mit-Pinienkernen-300x200.jpg 300w, https:\/\/gaertnerei-pfisterer.de\/wp-content\/uploads\/2026\/03\/Basilikum-Pesto-mit-Pinienkernen-768x512.jpg 768w, https:\/\/gaertnerei-pfisterer.de\/wp-content\/uploads\/2026\/03\/Basilikum-Pesto-mit-Pinienkernen-1536x1024.jpg 1536w, https:\/\/gaertnerei-pfisterer.de\/wp-content\/uploads\/2026\/03\/Basilikum-Pesto-mit-Pinienkernen-2048x1365.jpg 2048w\" sizes=\"auto, (max-width: 1024px) 100vw, 1024px\" \/><\/a><\/figure>\n\n\n\n<p style=\"font-size:10px\">Foto: Designed by <a href=\"http:\/\/www.freepik.com\" data-type=\"link\" data-id=\"www.freepik.com\">Freepik<\/a><\/p>\n<\/div>\n\n\n\n<div class=\"wp-block-column has-ast-global-color-1-background-color has-background is-layout-flow wp-block-column-is-layout-flow\" style=\"border-top-left-radius:18px;border-top-right-radius:18px;border-bottom-left-radius:18px;border-bottom-right-radius:18px;padding-top:var(--wp--preset--spacing--20);padding-right:var(--wp--preset--spacing--20);padding-bottom:var(--wp--preset--spacing--20);padding-left:var(--wp--preset--spacing--20)\">\n<h3 class=\"wp-block-heading\"><a href=\"https:\/\/gaertnerei-pfisterer.de\/wp-content\/uploads\/2020\/12\/Kartoffel-Spinat-Auflauf.pdf\" target=\"_blank\" rel=\"noreferrer noopener\">Kartoffel-Spinat-Auflauf<\/a><\/h3>\n\n\n\n<figure class=\"wp-block-image size-large\" style=\"margin-bottom:0\"><a href=\"https:\/\/gaertnerei-pfisterer.de\/wp-content\/uploads\/2020\/12\/Kartoffel-Spinat-Auflauf.pdf\" target=\"_blank\" rel=\" noreferrer noopener\"><img loading=\"lazy\" decoding=\"async\" width=\"1024\" height=\"683\" src=\"https:\/\/gaertnerei-pfisterer.de\/wp-content\/uploads\/2026\/03\/Kartoffel\u00adSpinat\u00adAuflauf-1024x683.jpg\" alt=\"\" class=\"wp-image-930\" srcset=\"https:\/\/gaertnerei-pfisterer.de\/wp-content\/uploads\/2026\/03\/Kartoffel\u00adSpinat\u00adAuflauf-1024x683.jpg 1024w, https:\/\/gaertnerei-pfisterer.de\/wp-content\/uploads\/2026\/03\/Kartoffel\u00adSpinat\u00adAuflauf-300x200.jpg 300w, https:\/\/gaertnerei-pfisterer.de\/wp-content\/uploads\/2026\/03\/Kartoffel\u00adSpinat\u00adAuflauf-768x512.jpg 768w, https:\/\/gaertnerei-pfisterer.de\/wp-content\/uploads\/2026\/03\/Kartoffel\u00adSpinat\u00adAuflauf-1536x1024.jpg 1536w, https:\/\/gaertnerei-pfisterer.de\/wp-content\/uploads\/2026\/03\/Kartoffel\u00adSpinat\u00adAuflauf-2048x1365.jpg 2048w\" sizes=\"auto, (max-width: 1024px) 100vw, 1024px\" \/><\/a><\/figure>\n\n\n\n<p style=\"font-size:10px\">Foto: Designed by <a href=\"http:\/\/www.freepik.com\" data-type=\"link\" data-id=\"www.freepik.com\">Freepik<\/a><\/p>\n<\/div>\n\n\n\n<div class=\"wp-block-column has-ast-global-color-1-background-color has-background is-layout-flow wp-block-column-is-layout-flow\" style=\"border-top-left-radius:18px;border-top-right-radius:18px;border-bottom-left-radius:18px;border-bottom-right-radius:18px;padding-top:var(--wp--preset--spacing--20);padding-right:var(--wp--preset--spacing--20);padding-bottom:var(--wp--preset--spacing--20);padding-left:var(--wp--preset--spacing--20)\">\n<h3 class=\"wp-block-heading\"><a href=\"https:\/\/gaertnerei-pfisterer.de\/wp-content\/uploads\/2020\/12\/Kuerbiskuechlein-mit-Kraeuterquark.pdf\" target=\"_blank\" rel=\"noreferrer noopener\">K\u00fcrbisk\u00fcchlein mit Kr\u00e4uterquark<\/a><\/h3>\n\n\n\n<figure class=\"wp-block-image size-large\" style=\"margin-bottom:0\"><a href=\"https:\/\/gaertnerei-pfisterer.de\/wp-content\/uploads\/2020\/12\/Kuerbiskuechlein-mit-Kraeuterquark.pdf\" target=\"_blank\" rel=\" noreferrer noopener\"><img loading=\"lazy\" decoding=\"async\" width=\"1024\" height=\"683\" src=\"https:\/\/gaertnerei-pfisterer.de\/wp-content\/uploads\/2026\/03\/Kuerbiskuechlein-mit-Kraeuterquark-1024x683.jpg\" alt=\"\" class=\"wp-image-931\" srcset=\"https:\/\/gaertnerei-pfisterer.de\/wp-content\/uploads\/2026\/03\/Kuerbiskuechlein-mit-Kraeuterquark-1024x683.jpg 1024w, https:\/\/gaertnerei-pfisterer.de\/wp-content\/uploads\/2026\/03\/Kuerbiskuechlein-mit-Kraeuterquark-300x200.jpg 300w, https:\/\/gaertnerei-pfisterer.de\/wp-content\/uploads\/2026\/03\/Kuerbiskuechlein-mit-Kraeuterquark-768x512.jpg 768w, https:\/\/gaertnerei-pfisterer.de\/wp-content\/uploads\/2026\/03\/Kuerbiskuechlein-mit-Kraeuterquark-1536x1024.jpg 1536w, https:\/\/gaertnerei-pfisterer.de\/wp-content\/uploads\/2026\/03\/Kuerbiskuechlein-mit-Kraeuterquark-2048x1365.jpg 2048w\" sizes=\"auto, (max-width: 1024px) 100vw, 1024px\" \/><\/a><\/figure>\n\n\n\n<p style=\"font-size:10px\">Foto: Designed by <a href=\"http:\/\/www.freepik.com\" data-type=\"link\" data-id=\"www.freepik.com\">Freepik<\/a><\/p>\n<\/div>\n<\/div>\n\n\n\n<div style=\"height:58px\" aria-hidden=\"true\" class=\"wp-block-spacer\"><\/div>\n\n\n\n<div class=\"wp-block-columns is-layout-flex wp-container-core-columns-is-layout-07b7b7eb wp-block-columns-is-layout-flex\" style=\"padding-top:0;padding-right:0;padding-bottom:0;padding-left:0\">\n<div class=\"wp-block-column has-ast-global-color-1-background-color has-background is-layout-flow wp-block-column-is-layout-flow\" style=\"border-top-left-radius:18px;border-top-right-radius:18px;border-bottom-left-radius:18px;border-bottom-right-radius:18px;padding-top:var(--wp--preset--spacing--20);padding-right:var(--wp--preset--spacing--20);padding-bottom:var(--wp--preset--spacing--20);padding-left:var(--wp--preset--spacing--20)\">\n<h3 class=\"wp-block-heading\"><a href=\"https:\/\/gaertnerei-pfisterer.de\/wp-content\/uploads\/2026\/03\/Blatt-Spinat-mit-Gorgonzola.pdf\" target=\"_blank\" rel=\"noreferrer noopener\">Blatt\u00adspinat mit Gorgonzola<\/a><\/h3>\n\n\n<\/div>\n\n\n\n<div class=\"wp-block-column has-ast-global-color-1-background-color has-background is-layout-flow wp-block-column-is-layout-flow\" style=\"border-top-left-radius:18px;border-top-right-radius:18px;border-bottom-left-radius:18px;border-bottom-right-radius:18px;padding-top:var(--wp--preset--spacing--20);padding-right:var(--wp--preset--spacing--20);padding-bottom:var(--wp--preset--spacing--20);padding-left:var(--wp--preset--spacing--20)\">\n<h3 class=\"wp-block-heading\"><a href=\"https:\/\/gaertnerei-pfisterer.de\/wp-content\/uploads\/2020\/12\/Fenchel-ueberbacken.pdf\" target=\"_blank\" rel=\"noreferrer noopener\">\u00fcberbackener Fenchel<\/a><\/h3>\n\n\n<\/div>\n\n\n\n<div class=\"wp-block-column has-ast-global-color-1-background-color has-background is-layout-flow wp-block-column-is-layout-flow\" style=\"border-top-left-radius:18px;border-top-right-radius:18px;border-bottom-left-radius:18px;border-bottom-right-radius:18px;padding-top:var(--wp--preset--spacing--20);padding-right:var(--wp--preset--spacing--20);padding-bottom:var(--wp--preset--spacing--20);padding-left:var(--wp--preset--spacing--20)\">\n<h3 class=\"wp-block-heading\"><a href=\"https:\/\/gaertnerei-pfisterer.de\/wp-content\/uploads\/2020\/12\/Chicoree-im-Schinkenmantel-ueberbacken.pdf\" target=\"_blank\" rel=\"noreferrer noopener\">\u00fcberbackener Chicor\u00e9e im Schinkenmantel <\/a><\/h3>\n\n\n<\/div>\n<\/div>\n\n\n\n<p><\/p>\n","protected":false},"excerpt":{"rendered":"<p>Rezepte Basilikum-Pesto mit Pinienkernen Foto: Designed by Freepik Kartoffel-Spinat-Auflauf Foto: Designed by Freepik K\u00fcrbisk\u00fcchlein mit Kr\u00e4uterquark Foto: Designed by Freepik Blatt\u00adspinat mit Gorgonzola \u00fcberbackener Fenchel \u00fcberbackener Chicor\u00e9e im Schinkenmantel<\/p>\n","protected":false},"author":2,"featured_media":0,"parent":0,"menu_order":0,"comment_status":"closed","ping_status":"closed","template":"","meta":{"site-sidebar-layout":"default","site-content-layout":"","ast-site-content-layout":"default","site-content-style":"default","site-sidebar-style":"default","ast-global-header-display":"","ast-banner-title-visibility":"","ast-main-header-display":"","ast-hfb-above-header-display":"","ast-hfb-below-header-display":"","ast-hfb-mobile-header-display":"","site-post-title":"disabled","ast-breadcrumbs-content":"","ast-featured-img":"","footer-sml-layout":"","ast-disable-related-posts":"","theme-transparent-header-meta":"","adv-header-id-meta":"","stick-header-meta":"","header-above-stick-meta":"","header-main-stick-meta":"","header-below-stick-meta":"","astra-migrate-meta-layouts":"default","ast-page-background-enabled":"default","ast-page-background-meta":{"desktop":{"background-color":"var(--ast-global-color-5)","background-image":"","background-repeat":"repeat","background-position":"center center","background-size":"auto","background-attachment":"scroll","background-type":"","background-media":"","overlay-type":"","overlay-color":"","overlay-opacity":"","overlay-gradient":""},"tablet":{"background-color":"","background-image":"","background-repeat":"repeat","background-position":"center center","background-size":"auto","background-attachment":"scroll","background-type":"","background-media":"","overlay-type":"","overlay-color":"","overlay-opacity":"","overlay-gradient":""},"mobile":{"background-color":"","background-image":"","background-repeat":"repeat","background-position":"center center","background-size":"auto","background-attachment":"scroll","background-type":"","background-media":"","overlay-type":"","overlay-color":"","overlay-opacity":"","overlay-gradient":""}},"ast-content-background-meta":{"desktop":{"background-color":"var(--ast-global-color-4)","background-image":"","background-repeat":"repeat","background-position":"center center","background-size":"auto","background-attachment":"scroll","background-type":"","background-media":"","overlay-type":"","overlay-color":"","overlay-opacity":"","overlay-gradient":""},"tablet":{"background-color":"var(--ast-global-color-4)","background-image":"","background-repeat":"repeat","background-position":"center center","background-size":"auto","background-attachment":"scroll","background-type":"","background-media":"","overlay-type":"","overlay-color":"","overlay-opacity":"","overlay-gradient":""},"mobile":{"background-color":"var(--ast-global-color-4)","background-image":"","background-repeat":"repeat","background-position":"center center","background-size":"auto","background-attachment":"scroll","background-type":"","background-media":"","overlay-type":"","overlay-color":"","overlay-opacity":"","overlay-gradient":""}},"footnotes":""},"class_list":["post-41","page","type-page","status-publish","hentry"],"_links":{"self":[{"href":"https:\/\/gaertnerei-pfisterer.de\/index.php\/wp-json\/wp\/v2\/pages\/41","targetHints":{"allow":["GET"]}}],"collection":[{"href":"https:\/\/gaertnerei-pfisterer.de\/index.php\/wp-json\/wp\/v2\/pages"}],"about":[{"href":"https:\/\/gaertnerei-pfisterer.de\/index.php\/wp-json\/wp\/v2\/types\/page"}],"author":[{"embeddable":true,"href":"https:\/\/gaertnerei-pfisterer.de\/index.php\/wp-json\/wp\/v2\/users\/2"}],"replies":[{"embeddable":true,"href":"https:\/\/gaertnerei-pfisterer.de\/index.php\/wp-json\/wp\/v2\/comments?post=41"}],"version-history":[{"count":14,"href":"https:\/\/gaertnerei-pfisterer.de\/index.php\/wp-json\/wp\/v2\/pages\/41\/revisions"}],"predecessor-version":[{"id":1022,"href":"https:\/\/gaertnerei-pfisterer.de\/index.php\/wp-json\/wp\/v2\/pages\/41\/revisions\/1022"}],"wp:attachment":[{"href":"https:\/\/gaertnerei-pfisterer.de\/index.php\/wp-json\/wp\/v2\/media?parent=41"}],"curies":[{"name":"wp","href":"https:\/\/api.w.org\/{rel}","templated":true}]}}